6a (base 12) in base 6?
-214
What is 46 (base 10) in base 12?
3a
3 (base 13) to base 15
3
2 (base 11) to base 12
2
Convert 1 (base 8) to base 6.
1
5a (base 16) to base 3
10100
3 (base 11) to base 7
3
-10111 (base 2) to base 13
-1a
6 (base 8) to base 2
110
What is -1 (base 15) in base 11?
-1
What is -7 (base 9) in base 15?
-7
1 (base 15) to base 11
1
Convert 222 (base 5) to base 2.
111110
-41 (base 14) to base 9
-63
0 (base 12) to base 13
0
Convert 217 (base 13) to base 5.
2413
-9 (base 16) to base 9
-10
What is -4 (base 12) in base 2?
-100
Convert 0 (base 5) to base 13.
0
Convert -144 (base 5) to base 13.
-3a
6 (base 11) to base 7
6
What is -29 (base 14) in base 16?
-25
-56 (base 11) to base 16
-3d
What is 2 (base 10) in base 13?
2
What is 27 (base 15) in base 5?
122
-8 (base 12) to base 9
-8
What is -1 (base 8) in base 9?
-1
Convert 1 (base 14) to base 3.
1
Convert -10 (base 15) to base 4.
-33
What is -e5 (base 15) in base 4?
-3113
What is 4 (base 8) in base 7?
4
-10 (base 11) to base 4
-23
Convert 71 (base 8) to base 9.
63
3 (base 7) to base 14
3
Convert -35 (base 8) to base 14.
-21
-164 (base 8) to base 2
-1110100
What is -61 (base 11) in base 15?
-47
What is -4 (base 7) in base 11?
-4
6a (base 14) to base 11
86
What is -1100 (base 2) in base 5?
-22
What is -52 (base 11) in base 3?
-2010
4 (base 13) to base 3
11
What is 10 (base 6) in base 7?
6
12 (base 16) to base 10
18
Convert 212 (base 5) to base 14.
41
What is 25 (base 7) in base 15?
14
Convert -2 (base 4) to base 14.
-2
What is 15 (base 14) in base 6?
31
Convert -322 (base 4) to base 9.
-64
What is 4 (base 7) in base 9?
4
What is 314 (base 6) in base 16?
76
Convert 123 (base 7) to base 13.
51
1 (base 16) to base 14
1
Convert -4 (base 12) to base 13.
-4
Convert -81 (base 9) to base 14.
-53
Convert -1 (base 7) to base 15.
-1
Convert 11 (base 4) to base 14.
5
Convert 9 (base 13) to base 10.
9
Convert -12 (base 11) to base 5.
-23
Convert 3 (base 5) to base 4.
3
Convert -101010 (base 2) to base 3.
-1120
4 (base 13) to base 8
4
3 (base 4) to base 16
3
Convert 303 (base 9) to base 8.
366
-25 (base 6) to base 9
-18
-20 (base 8) to base 4
-100
Convert -3 (base 10) to base 13.
-3
Convert 170 (base 13) to base 15.
125
Convert 0 (base 11) to base 13.
0
7 (base 10) to base 14
7
Convert -3 (base 12) to base 10.
-3
-323 (base 5) to base 3
-10021
Convert 1000 (base 2) to base 3.
22
Convert -3 (base 16) to base 4.
-3
Convert -7 (base 11) to base 10.
-7
Convert -22 (base 4) to base 7.
-13
What is 323 (base 7) in base 4?
2210
-9 (base 10) to base 13
-9
8 (base 11) to base 7
11
Convert -70 (base 13) to base 10.
-91
0 (base 9) to base 5
0
-6c (base 16) to base 6
-300
-144 (base 7) to base 16
-51
What is 2 (base 16) in base 8?
2
What is 19 (base 10) in base 7?
25
What is -2 (base 9) in base 16?
-2
What is -21 (base 11) in base 8?
-27
What is -200 (base 4) in base 2?
-100000
Convert -202 (base 5) to base 14.
-3a
1214 (base 5) to base 14
d2
-3 (base 14) to base 3
-10
-1 (base 10) to base 15
-1
Convert -1111 (base 2) to base 5.
-30
-28 (base 9) to base 13
-20
a0 (base 11) to base 7
215
What is 101 (base 2) in base 3?
12
What is -17 (base 11) in base 9?
-20
What is 0 (base 2) in base 6?
0
4 (base 9) to base 12
4
Convert 2 (base 15) to base 10.
2
2 (base 10) to base 13
2
135 (base 6) to base 8
73
What is 3 (base 6) in base 16?
3
What is -2 (base 5) in base 11?
-2
-3 (base 12) to base 7
-3
Convert 89 (base 13) to base 3.
11012
Convert -3 (base 15) to base 10.
-3
What is -10b (base 16) in base 10?
-267
What is 157 (base 8) in base 11?
a1
b (base 12) to base 15
b
What is -100000010 (base 2) in base 4?
-10002
-1 (base 15) to base 8
-1
-12 (base 12) to base 16
-e
What is -8 (base 11) in base 16?
-8
What is 1001 (base 2) in base 9?
10
Convert 12 (base 3) to base 7.
5
-15 (base 6) to base 15
-b
What is -15 (base 9) in base 11?
-13
What is -101111 (base 2) in base 3?
-1202
What is -8 (base 16) in base 2?
-1000
-4 (base 13) to base 3
-11
Convert 14 (base 16) to base 8.
24
Convert 3 (base 5) to base 7.
3
What is 28 (base 9) in base 15?
1b
What is -2 (base 15) in base 3?
-2
What is a (base 15) in base 8?
12
Convert 2 (base 11) to base 3.
2
What is -42 (base 14) in base 9?
-64
Convert -45 (base 7) to base 5.
-113
What is 9 (base 11) in base 8?
11
Convert 2 (base 15) to base 12.
2
Convert -103 (base 4) to base 10.
-19
What is 10 (base 4) in base 14?
4
6 (base 11) to base 9
6
-1 (base 11) to base 10
-1
What is 43 (base 10) in base 4?
223
Convert 9 (base 14) to base 10.
9
10 (base 5) to base 7
5
Convert -2 (base 15) to base 2.
-10
0 (base 5) to base 14
0
Convert 1 (base 8) to base 13.
1
-1100 (base 2) to base 9
-13
What is 61 (base 9) in base 12?
47
Convert -2030 (base 4) to base 7.
-260
-15 (base 8) to base 5
-23
What is 38 (base 15) in base 5?
203
Convert 16 (base 13) to base 9.
21
What is -1 (base 4) in base 6?
-1
Convert -433 (base 5) to base 11.
-a8
111 (base 2) to base 7
10
-21 (base 13) to base 7
-36
-8 (base 9) to base 14
-8
247 (base 8) to base 5
1132
What is 2 (base 11) in base 16?
2
52 (base 6) to base 11
2a
Convert 6 (base 11) to base 14.
6
44 (base 10) to base 15
2e
Convert 4 (base 11) to base 4.
10
-100 (base 4) to base 9
-17
Convert -1010 (base 2) to base 8.
-12
Convert -1b (base 15) to base 16.
-1a
Convert -166 (base 15) to base 12.
-229
-13 (base 16) to base 2
-10011
Convert -3 (base 14) to base 9.
-3
What is b (base 16) in base 14?
b
Convert 70 (base 11) to base 2.
1001101
What is -131 (base 10) in base 16?
-83
-4 (base 6) to base 16
-4
Convert -35 (base 10) to base 11.
-32
12 (base 6) to base 5
13
Convert 1e (base 16) to base 2.
11110
Convert -a (base 16) to base 2.
-1010
What is 66 (base 12) in base 6?
210
Convert -34 (base 11) to base 6.
-101
Convert 2 (base 12) to base 11.
2
What is -1 (base 3) in base 6?
-1
4 (base 7) to base 16
4
What is -17 (base 15) in base 14?
-18
Convert 36 (base 16) to base 6.
130
Convert -3 (base 11) to base 6.
-3
What is -3 (base 12) in base 16?
-3
b (base 14) to base 3
102
Convert -1333 (base 6) to base 7.
-1002
9 (base 16) to base 9
10
-1 (base 11) to base 8
-1
What is 11 (base 4) in base 9?
5
What is 0 (base 12) in base 16?
0
13 (base 8) to base 4
23
0 (base 9) to base 12
0
What is 2 (base 3) in base 2?
10
What is 120 (base 3) in base 7?
21
-116 (base 10) to base 6
-312
Convert -d (base 16) to base 5.
-23
What is 2 (base 12) in base 9?
2
What is -86 (base 15) in base 3?
-11200
-52 (base 16) to base 4
-1102
What is -39 (base 11) in base 10?
-42
What is -402 (base 6) in base 9?
-172
Convert 5b (base 13) to base 11.
6a
13 (base 10) to base 8
15
-2 (base 14) to base 10
-2
Convert 1212 (base 5) to base 16.
b6
What is -2 (base 9) in base 4?
-2
What is -3a (base 15) in base 3?
-2001
Convert 28 (base 16) to base 7.
55
Convert -1 (base 14) to base 4.
-1
34 (base 12) to base 15
2a
Convert 0 (base 10) to base 8.
0
Convert -1e (base 16) to base 8.
-36
Convert -4 (base 8) to base 16.
-4
What is 19 (base 14) in base 8?
27
Convert -34 (base 13) to base 2.
-101011
What is -9 (base 16) in base 7?
-12
What is 73 (base 15) in base 10?
108
-3022 (base 4) to base 16
-ca
Convert 5 (base 15) to base 8.
5
-9 (base 15) to base 6
-13
-3 (base 13) to base 10
-3
What is 1000110 (base 2) in base 6?
154
What is 101 (base 2) in base 8?
5
Convert 2 (base 3) to base 13.
2
10100 (base 2) to base 12
18
Convert 11 (base 5) to base 13.
6
What is 111 (base 4) in base 15?
16
Convert -10010 (base 2) to base 4.
-102
What is 2 (base 4) in base 6?
2
Convert -5b (base 16) to base 12.
-77
What is 1 (base 16) in base 11?
1
What is -11000 (base 3) in base 7?
-213
What is -2 (base 12) in base 13?
-2
What is -102221 (base 3) in base 6?
-1254
1001 (base 3) to base 15
1d
What is 12102 (base 3) in base 15?
9b
Convert 5 (base 8) to base 2.
101
Convert 0 (base 7) to base 16.
0
What is 516 (base 7) in base 9?
316
What is 352 (base 8) in base 5?
1414
-17 (base 14) to base 8
-25
What is -331 (base 4) in base 7?
-115
101000 (base 2) to base 4
220
Convert 1 (base 3) to base 2.
1
Convert 1 (base 16) to base 7.
1
Convert 7 (base 11) to base 10.
7
Convert 12 (base 4) to base 11.
6
Convert 3 (base 14) to base 5.
3
What is 434 (base 7) in base 4?
3131
72 (base 11) to base 5
304
What is 323 (base 10) in base 11?
274
1 (base 14) to base